[INFO] fetching crate trezorlib 0.0.2...
[INFO] checking trezorlib-0.0.2 against master#e6e4f7ed1589e03bc2f6c5931c1a72e7947e8682 for beta-170-4
[INFO] extracting crate trezorlib 0.0.2 into /workspace/builds/worker-1-tc2/source
[INFO] validating manifest of crates.io crate trezorlib 0.0.2 on toolchain e6e4f7ed1589e03bc2f6c5931c1a72e7947e8682
[INFO] running `Command { std: CARGO_HOME="/workspace/cargo-home" RUSTUP_HOME="/workspace/rustup-home" "/workspace/cargo-home/bin/cargo" "+e6e4f7ed1589e03bc2f6c5931c1a72e7947e8682" "metadata" "--manifest-path" "Cargo.toml" "--no-deps", kill_on_drop: false }`
[INFO] started tweaking crates.io crate trezorlib 0.0.2
[INFO] finished tweaking crates.io crate trezorlib 0.0.2
[INFO] tweaked toml for crates.io crate trezorlib 0.0.2 written to /workspace/builds/worker-1-tc2/source/Cargo.toml
[INFO] crate crates.io crate trezorlib 0.0.2 already has a lockfile, it will not be regenerated
[INFO] running `Command { std: CARGO_HOME="/workspace/cargo-home" RUSTUP_HOME="/workspace/rustup-home" "/workspace/cargo-home/bin/cargo" "+e6e4f7ed1589e03bc2f6c5931c1a72e7947e8682" "fetch" "--manifest-path" "Cargo.toml", kill_on_drop: false }`
[INFO] running `Command { std: "docker" "create" "-v" "/var/lib/crater-agent-workspace/builds/worker-1-tc2/target:/opt/rustwide/target:rw,Z" "-v" "/var/lib/crater-agent-workspace/builds/worker-1-tc2/source:/opt/rustwide/workdir:ro,Z" "-v" "/var/lib/crater-agent-workspace/cargo-home:/opt/rustwide/cargo-home:ro,Z" "-v" "/var/lib/crater-agent-workspace/rustup-home:/opt/rustwide/rustup-home:ro,Z" "-e" "SOURCE_DIR=/opt/rustwide/workdir" "-e" "CARGO_TARGET_DIR=/opt/rustwide/target" "-e" "CARGO_HOME=/opt/rustwide/cargo-home" "-e" "RUSTUP_HOME=/opt/rustwide/rustup-home" "-w" "/opt/rustwide/workdir" "-m" "1610612736" "--user" "0:0" "--network" "none" "ghcr.io/rust-lang/crates-build-env/linux@sha256:19e73879b68f455e41552ea35293514db52ea292d993f571636dbffedb77a1ee" "/opt/rustwide/cargo-home/bin/cargo" "+e6e4f7ed1589e03bc2f6c5931c1a72e7947e8682" "metadata" "--no-deps" "--format-version=1", kill_on_drop: false }`
[INFO] [stdout] e699f744c0ddcf14c9865b42fbde3dea279d8ad28c787a6b1ce6bb364bf395db
[INFO] running `Command { std: "docker" "start" "-a" "e699f744c0ddcf14c9865b42fbde3dea279d8ad28c787a6b1ce6bb364bf395db", kill_on_drop: false }`
[INFO] running `Command { std: "docker" "inspect" "e699f744c0ddcf14c9865b42fbde3dea279d8ad28c787a6b1ce6bb364bf395db", kill_on_drop: false }`
[INFO] running `Command { std: "docker" "rm" "-f" "e699f744c0ddcf14c9865b42fbde3dea279d8ad28c787a6b1ce6bb364bf395db", kill_on_drop: false }`
[INFO] [stdout] e699f744c0ddcf14c9865b42fbde3dea279d8ad28c787a6b1ce6bb364bf395db
[INFO] running `Command { std: "docker" "create" "-v" "/var/lib/crater-agent-workspace/builds/worker-1-tc2/target:/opt/rustwide/target:rw,Z" "-v" "/var/lib/crater-agent-workspace/builds/worker-1-tc2/source:/opt/rustwide/workdir:ro,Z" "-v" "/var/lib/crater-agent-workspace/cargo-home:/opt/rustwide/cargo-home:ro,Z" "-v" "/var/lib/crater-agent-workspace/rustup-home:/opt/rustwide/rustup-home:ro,Z" "-e" "SOURCE_DIR=/opt/rustwide/workdir" "-e" "CARGO_TARGET_DIR=/opt/rustwide/target" "-e" "CARGO_INCREMENTAL=0" "-e" "RUST_BACKTRACE=full" "-e" "RUSTFLAGS=--cap-lints=forbid" "-e" "RUSTDOCFLAGS=--cap-lints=forbid" "-e" "CARGO_HOME=/opt/rustwide/cargo-home" "-e" "RUSTUP_HOME=/opt/rustwide/rustup-home" "-w" "/opt/rustwide/workdir" "-m" "1610612736" "--user" "0:0" "--network" "none" "ghcr.io/rust-lang/crates-build-env/linux@sha256:19e73879b68f455e41552ea35293514db52ea292d993f571636dbffedb77a1ee" "/opt/rustwide/cargo-home/bin/cargo" "+e6e4f7ed1589e03bc2f6c5931c1a72e7947e8682" "check" "--frozen" "--all" "--all-targets" "--message-format=json", kill_on_drop: false }`
[INFO] [stdout] a52165a3e266182b5b46bf9d95f76d58c8666c364dc6072342d1fa3ce19dc217
[INFO] running `Command { std: "docker" "start" "-a" "a52165a3e266182b5b46bf9d95f76d58c8666c364dc6072342d1fa3ce19dc217", kill_on_drop: false }`
[INFO] [stderr]    Compiling libc v0.2.108
[INFO] [stderr]    Compiling cc v1.0.26
[INFO] [stderr]    Compiling pkg-config v0.3.22
[INFO] [stderr]    Compiling autocfg v1.0.1
[INFO] [stderr]    Compiling log v0.4.14
[INFO] [stderr]     Checking tinyvec_macros v0.1.0
[INFO] [stderr]     Checking bech32 v0.6.0
[INFO] [stderr]    Compiling protobuf v2.25.2
[INFO] [stderr]     Checking bit-vec v0.6.3
[INFO] [stderr]     Checking hex v0.3.2
[INFO] [stderr]     Checking bitcoin_hashes v0.3.2
[INFO] [stderr]     Checking tinyvec v1.5.1
[INFO] [stderr]     Checking bitcoin-bech32 v0.9.0
[INFO] [stderr]     Checking bit-set v0.2.0
[INFO] [stderr]    Compiling num-traits v0.2.14
[INFO] [stderr]    Compiling num-integer v0.1.44
[INFO] [stderr]    Compiling libusb-sys v0.2.3
[INFO] [stderr]    Compiling hidapi-sys v0.1.4
[INFO] [stderr]    Compiling secp256k1 v0.12.2
[INFO] [stderr]     Checking rand v0.4.6
[INFO] [stderr]     Checking time v0.1.44
[INFO] [stderr]     Checking unicode-normalization v0.1.19
[INFO] [stderr]     Checking libusb v0.3.0
[INFO] [stderr]     Checking hid v0.3.1
[INFO] [stderr]     Checking rand v0.3.23
[INFO] [stderr]     Checking chrono v0.4.19
[INFO] [stderr]     Checking fern v0.5.9
[INFO] [stderr]     Checking bitcoin v0.18.2
[INFO] [stderr]     Checking trezorlib v0.0.2 (/opt/rustwide/workdir)
[INFO] [stdout] warning: ambiguous glob re-exports
[INFO] [stdout]   --> src/protos/mod.rs:17:9
[INFO] [stdout]    |
[INFO] [stdout] 17 | pub use self::messages::*;
[INFO] [stdout]    |         ^^^^^^^^^^^^^^^^^ the name `file_descriptor_proto` in the value namespace is first re-exported here
[INFO] [stdout] ...
[INFO] [stdout] 31 | pub use self::messages_tezos::*;
[INFO] [stdout]    |         ----------------------- but the name `file_descriptor_proto` in the value namespace is also re-exported here
[INFO] [stdout]    |
[INFO] [stdout]    = note: `#[warn(ambiguous_glob_reexports)]` on by default
[INFO] [stdout] 
[INFO] [stdout] 
[INFO] [stdout] warning: ambiguous glob re-exports
[INFO] [stdout]   --> src/protos/mod.rs:17:9
[INFO] [stdout]    |
[INFO] [stdout] 17 | pub use self::messages::*;
[INFO] [stdout]    |         ^^^^^^^^^^^^^^^^^ the name `file_descriptor_proto` in the value namespace is first re-exported here
[INFO] [stdout] ...
[INFO] [stdout] 31 | pub use self::messages_tezos::*;
[INFO] [stdout]    |         ----------------------- but the name `file_descriptor_proto` in the value namespace is also re-exported here
[INFO] [stdout]    |
[INFO] [stdout]    = note: `#[warn(ambiguous_glob_reexports)]` on by default
[INFO] [stdout] 
[INFO] [stdout] 
[INFO] [stdout] warning: 1 warning emitted
[INFO] [stdout] 
[INFO] [stdout] 
[INFO] [stdout] warning: 1 warning emitted
[INFO] [stdout] 
[INFO] [stdout] 
[INFO] [stdout] error[E0463]: can't find crate for `trezor`
[INFO] [stdout]  --> examples/sign_message.rs:5:1
[INFO] [stdout]   |
[INFO] [stdout] 5 | extern crate trezor;
[INFO] [stdout]   | ^^^^^^^^^^^^^^^^^^^^ can't find crate
[INFO] [stdout] 
[INFO] [stdout] 
[INFO] [stdout] error[E0463]: can't find crate for `trezor`
[INFO] [stdout]  --> examples/interaction.rs:2:1
[INFO] [stdout]   |
[INFO] [stdout] 2 | extern crate trezor;
[INFO] [stdout]   | ^^^^^^^^^^^^^^^^^^^^ can't find crate
[INFO] [stdout] 
[INFO] [stdout] 
[INFO] [stdout] error: aborting due to previous error
[INFO] [stdout] 
[INFO] [stdout] 
[INFO] [stdout] error: aborting due to previous error
[INFO] [stdout] 
[INFO] [stdout] 
[INFO] [stdout] For more information about this error, try `rustc --explain E0463`.
[INFO] [stdout] 
[INFO] [stdout] For more information about this error, try `rustc --explain E0463`.
[INFO] [stdout] 
[INFO] [stdout] error[E0463]: can't find crate for `trezor`
[INFO] [stdout]  --> examples/find.rs:1:1
[INFO] [stdout]   |
[INFO] [stdout] 1 | extern crate trezor;
[INFO] [stdout]   | ^^^^^^^^^^^^^^^^^^^^ can't find crate
[INFO] [stdout] 
[INFO] [stdout] 
[INFO] [stderr] error: could not compile `trezorlib` (example "interaction") due to 2 previous errors
[INFO] [stderr] warning: build failed, waiting for other jobs to finish...
[INFO] [stderr] error: could not compile `trezorlib` (example "sign_message") due to 2 previous errors
[INFO] [stdout] error[E0463]: can't find crate for `trezor`
[INFO] [stdout]  --> examples/change_pin.rs:1:1
[INFO] [stdout]   |
[INFO] [stdout] 1 | extern crate trezor;
[INFO] [stdout]   | ^^^^^^^^^^^^^^^^^^^^ can't find crate
[INFO] [stdout] 
[INFO] [stdout] 
[INFO] [stdout] error: aborting due to previous error
[INFO] [stdout] 
[INFO] [stdout] 
[INFO] [stdout] For more information about this error, try `rustc --explain E0463`.
[INFO] [stdout] 
[INFO] [stdout] error[E0463]: can't find crate for `trezor`
[INFO] [stdout]  --> examples/sign_tx.rs:5:1
[INFO] [stdout]   |
[INFO] [stdout] 5 | extern crate trezor;
[INFO] [stdout]   | ^^^^^^^^^^^^^^^^^^^^ can't find crate
[INFO] [stdout] 
[INFO] [stdout] 
[INFO] [stdout] error[E0463]: can't find crate for `trezor`
[INFO] [stdout]  --> examples/features.rs:1:1
[INFO] [stdout]   |
[INFO] [stdout] 1 | extern crate trezor;
[INFO] [stdout]   | ^^^^^^^^^^^^^^^^^^^^ can't find crate
[INFO] [stdout] 
[INFO] [stdout] 
[INFO] [stderr] error: could not compile `trezorlib` (example "find") due to 2 previous errors
[INFO] [stdout] warning: unused import: `OutPoint`
[INFO] [stdout]   --> examples/sign_tx.rs:12:61
[INFO] [stdout]    |
[INFO] [stdout] 12 |     util::bip32, util::hash::BitcoinHash, util::psbt, Address, OutPoint, Transaction, TxIn, TxOut,
[INFO] [stdout]    |                                                                ^^^^^^^^
[INFO] [stdout]    |
[INFO] [stdout]    = note: `#[warn(unused_imports)]` on by default
[INFO] [stdout] 
[INFO] [stdout] 
[INFO] [stdout] error: aborting due to previous error; 1 warning emitted
[INFO] [stdout] 
[INFO] [stdout] 
[INFO] [stdout] For more information about this error, try `rustc --explain E0463`.
[INFO] [stdout] 
[INFO] [stderr] error: could not compile `trezorlib` (example "sign_tx") due to 2 previous errors; 1 warning emitted
[INFO] [stdout] error: aborting due to previous error
[INFO] [stdout] 
[INFO] [stdout] 
[INFO] [stdout] For more information about this error, try `rustc --explain E0463`.
[INFO] [stdout] 
[INFO] [stdout] error: aborting due to previous error
[INFO] [stdout] 
[INFO] [stdout] 
[INFO] [stdout] For more information about this error, try `rustc --explain E0463`.
[INFO] [stdout] 
[INFO] [stderr] error: could not compile `trezorlib` (example "features") due to 2 previous errors
[INFO] [stderr] error: could not compile `trezorlib` (example "change_pin") due to 2 previous errors
[INFO] running `Command { std: "docker" "inspect" "a52165a3e266182b5b46bf9d95f76d58c8666c364dc6072342d1fa3ce19dc217", kill_on_drop: false }`
[INFO] running `Command { std: "docker" "rm" "-f" "a52165a3e266182b5b46bf9d95f76d58c8666c364dc6072342d1fa3ce19dc217", kill_on_drop: false }`
[INFO] [stdout] a52165a3e266182b5b46bf9d95f76d58c8666c364dc6072342d1fa3ce19dc217
